{"id":99,"date":"2023-10-26T13:57:31","date_gmt":"2023-10-26T11:57:31","guid":{"rendered":"https:\/\/intimitescriminelles.noblogs.org\/?page_id=99"},"modified":"2024-04-16T01:55:49","modified_gmt":"2024-04-15T23:55:49","slug":"contact","status":"publish","type":"page","link":"https:\/\/intimitescriminelles.noblogs.org\/?page_id=99","title":{"rendered":"\u2605 contribuer \u2605"},"content":{"rendered":"<p>Depuis des ann\u00e9es, les luttes LGBTQI+ et f\u00e9ministes s&rsquo;enferment dans des logiques assimilationnistes, m\u00eame au sein des milieux soi-disant radicaux &#8211; en t\u00e9moigne la r\u00e9cup\u00e9ration du terme transp\u00e9d\u00e9gouine (TPG) en dehors des milieux anti-autoritaires et anarchistes. Ces lignes assimilationnistes sont notamment caract\u00e9ris\u00e9es par des rapprochements avec la gauche institutionnelle, ses partis, syndicats et organisations politiques, voire une int\u00e9gration totale au sein de ceux-ci. A chaque mois des fiert\u00e9s, \u00e0 chaque 8 mars ou \u00e0 chaque intervention transp\u00e9dgouine dans les mouvements sociaux en cours, cela produit et accompagne une ligne pacificatrice qui voudrait nous r\u00e9duire \u00e0 agiter des drapeaux derri\u00e8re des banderoles aux slogans plus ou moins \u00e9nerv\u00e9s, mimant les traditionnels cort\u00e8ges syndicaux cish\u00e9t\u00e9rosexuels, leur inutilit\u00e9 chronique, et l&rsquo;ennui qu&rsquo;ils nous procurent &#8211; m\u00eame avec des playlists un peu plus funs.<\/p>\n<p>Nous tra\u00e7ons un lien direct entre ces modes d&rsquo;action sans int\u00e9r\u00eat, et une certaine pauvret\u00e9 th\u00e9orique dans nos milieux militants. Celle-ci peut aussi s&rsquo;expliquer par un certain \u00e9chec \u00e0 lier th\u00e9ories et actions, \u00e0 user de l&rsquo;un pour faire advenir ce qui nous int\u00e9resse dans l&rsquo;autre. Nous tra\u00e7ons un autre lien direct avec les logiques de r\u00e9seaux sociaux dans lesquelles nous nous enfermons, et les soi-disants d\u00e9bats et discourses qui s&rsquo;y r\u00e9p\u00e9tent en boucle, sans grand int\u00e9r\u00eat. Les lignes politiques sont filtr\u00e9es \u00e0 travers des logiques marchandes ou des bagarres d&rsquo;\u00e9go ou interpersonnelles, emp\u00eachant toute r\u00e9elle opposition d&rsquo;id\u00e9es productives. Celles qui existent sont noy\u00e9es dans des flux sans fin, oubli\u00e9es d\u00e8s le lendemain, jusqu&rsquo;au prochain discourse o\u00f9 elles seront r\u00e9p\u00e9t\u00e9es sans jamais \u00eatre reli\u00e9es aux luttes d&rsquo;o\u00f9 elles proviennent.<\/p>\n<p>Pourtant, la p\u00e9riode n&rsquo;est pas aussi d\u00e9sesp\u00e9rante qu&rsquo;elle peut en avoir l&rsquo;air. Lors du mouvement social contre la r\u00e9forme des retraites, dans plusieurs grandes villes de France, des black bloc explicitement transp\u00e9d\u00e9gouines ont fleuri lors de manifestations, allant m\u00eame jusqu&rsquo;\u00e0 former un bloc lors de manifestations du 8 mars de l&rsquo;ann\u00e9e derni\u00e8re ou du 7 mars de cette ann\u00e9e. Des squats TPG continuent d&rsquo;ouvrir et de fleurir un peu partout en France, malgr\u00e9 la r\u00e9pression et les difficult\u00e9s accrues depuis la r\u00e9cente loi anti-squat, prouvant qu&rsquo;ils sont indispensables \u00e0 la fois dans l&rsquo;\u00e9laboration d&rsquo;espaces de discussion et d&rsquo;organisation, ainsi que dans la n\u00e9cessit\u00e9 de loger les plus pr\u00e9caires d&rsquo;entre nous, notamment compte-tenu de la grande pr\u00e9carit\u00e9 des personnes trans. Une amplification d&rsquo;actions directes explicitement trans et\/ou queer fleurit dans diff\u00e9rents pays du monde, par exemple aux Etats-Unis autour de la lutte contre la Cop City \u00e0 Atlanta ou de la r\u00e9cente r\u00e9surgence de Bash Back.<\/p>\n<p>Nous ne croyons pas que la frustration que l&rsquo;on ressent \u00e0 chaque mois des fiert\u00e9s, au milieu de toutes ces prides aux allures chaque ann\u00e9e plus syndicales et plus polic\u00e9es que la pr\u00e9c\u00e9dente, soit in\u00e9vitable. Nous ne croyons pas non plus qu&rsquo;il faille attendre que les mouvements anti-trans prennent davantage encore d&rsquo;ampleur avant de v\u00e9ritablement s&rsquo;y opposer frontalement. Nous ne croyons pas \u00e0 l&rsquo;int\u00e9gration dans les diff\u00e9rentes organisations politiques de la gauche, o\u00f9 l&rsquo;on passe plus de temps \u00e0 affronter leurs violeurs et les cadres qui les prot\u00e8gent qu&rsquo;autre chose. Nous ne croyons pas non plus \u00e0 l&rsquo;enfermement de la th\u00e9orie dans des milieux universitaires, d\u00e9connect\u00e9e de toute action. La n\u00e9cessit\u00e9 de mouvements transp\u00e9d\u00e9gouines plus offensifs, sur des bases anti-autoritaires, anti-assimilationnistes et autonomes, nous para\u00eet imm\u00e9diate.<\/p>\n<p>A travers cet appel, on propose d&rsquo;\u00e9laborer une plateforme de contre-information collaborative pour lier \u00e0 la fois action et discussion, afin d&rsquo;intervenir dans les luttes et milieux transp\u00e9d\u00e9gouines comme dans les milieux anarchistes et autonomes plus globaux.La plateforme accueillerait la diffusion et la traduction d&rsquo;ouvrages, d&rsquo;articles, de brochures et de textes divers, de communiqu\u00e9s d&rsquo;actions directes ayant eu lieu partout dans le monde, de r\u00e9cits de luttes et de solidarit\u00e9s internationales. Cette plateforme serait finalement la base permettant ensuite une diffusion en physique de ces textes, l\u00e0 o\u00f9 nous vivons et luttons, par le biais d&rsquo;une version papier qui permette de d\u00e9passer la simple contre-information anarchiste sur internet, ou celle des milieux LGBTI sur les r\u00e9seaux sociaux.<\/p>\n<p>Toute proposition de contribution, pr\u00e9f\u00e9rablement anonyme et anonymis\u00e9e, en utilisant par exemple TOR, Tails, et un service d&rsquo;adresse email s\u00e9curis\u00e9 (ou jetable tel que tempmail), peut \u00eatre envoy\u00e9e \u00e0 l&rsquo;adresse mail suivante :<\/p>\n<p style=\"text-align: center\">criminelles [at] distruzione [dot] org<\/p>\n<p>cl\u00e9 PGP publique pour encrypter les mails : <\/p>\n<p>&#8212;&#8211;BEGIN PGP PUBLIC KEY BLOCK&#8212;&#8211;<\/p>\n<p>xsDNBGX3CVoBDACwS1n0e5AGLddiUfeR+XIfXQnYzIMMSUaTs0EqC+D7ECs9qCGO<br \/>\nOpUFdGs1w36GrAGo3\/m\/0UTgH6lQ1ZnkBKQdD6dmohCNhTRLGbnJdd+DG9SJdLeG<br \/>\nFS6bZ3YKKM+E2rQnzmMUjcXcI1qyeaul23CWL+NCiD6eTuLfzQaVVwch7rotlU5D<br \/>\n4XyDnX0n93agvEgard1QZqgxHJa+X+nyEg3oGdNBe9mYQd7FAVL\/H+7tBlbZBz1Y<br \/>\ndCaY7WLry5ijqPgBNZXguRUH9j75085UD3PfcCFx6VEU4wR4a+XQkJYeh\/+DAi8X<br \/>\nAwPuEQyOIp8f0phLmYlVnfRU6CTyYolPpzAhMFONe+is+wV+6kGqGRB94kMHxNlQ<br \/>\nZjyVqG0nvlrk1kTYUJ+BoEsXxFi7\/4IHQek+a+6slXwLzNFkrAjemnCYABndk0Gl<br \/>\naa5Sw6eotiPTENgoAQgjyrlsnRqC4HVhjS+JoaIPD1wY2\/LRpaYIK+DDsfS5960k<br \/>\nAD+p\/9aiDaYNvJkAEQEAAc0jY3JpbWUgPGNyaW1pbmVsbGVzQGRpc3RydXppb25l<br \/>\nLm9yZz7CwQ0EEwEIADcWIQT7F++b1qbGVBdAGeNlYPOZFFJgZwUCZfcJXAUJBaOa<br \/>\ngAIbAwQLCQgHBRUICQoLBRYCAwEAAAoJEGVg85kUUmBn4+0L\/1t2DqdR\/HTjdHbF<br \/>\nHUF3aN\/NjQzlULNXlCQVkWic6gDqMoXb\/ZKMWzuk0rIb1knN8PRTE3Xxd5S9+Coz<br \/>\nGvyW2jsJZW4rlZslBq6p5jkiOp1GQyJP7FGY4T581sViXVVp2sHMh5uvZh+EObgP<br \/>\n+0ZC+uTls2FEXHuWC3z1mX1NA35Ln9kWi+tYq++rRyieo0H2MEwbKiAasR6ARn31<br \/>\nm0Jzbpn8MwNRUQlq7e0F9PP9RfdOFOr7kH7joR9111fm67Tymc2K+MznkU5g9A\/h<br \/>\n4bXiLbwGXXq8StcTqspscBsqm\/JqYgA5G10PaTR7HiVf4WOvDVyd\/3wghI5U73ux<br \/>\nqfJUhrtqFUNbxeH33+MvRO4aL0\/fuFyYMd43QoLV233FXE29un\/SYg4Q1UL6oym9<br \/>\nMlpxSQ3oeHovWCh\/6sAhiHyKqGLyvWUlzCRo7MSE17n6VJuWbCHj+PanMFQQb+Cy<br \/>\nVT+QLgFVkh0gLiSTLLH4gK6\/cKGauGxWQ2UQHVtMjidvZsaoOs7AzQRl9wlcAQwA<br \/>\nq+sqPb8AOt7Z89TuvNZyJI0M3fxQi96Fmj\/bKaiK2N1ikmb1WO6dA1SsxjkWWMFo<br \/>\nKw\/5vd+3+UUNk83unlR4221cJbvO5glsbh5whLNygSrU\/316LQCRw1euVZqv9OZ6<br \/>\nSzaNHYuUCD7rNgsmrRVmXeSScK\/uKfXzN\/SkmAGzkxXLsFWfcbDYLYNFPTP4VrXq<br \/>\n9lr2HzAKr1DHHf+NTxaXnY3G82qizdTPcEtuGYmVZ1sZXskl0wC3xpIQEokQhBUf<br \/>\nb1VAJr5AaGF\/H5jAuTKiKARELMVYwZvXCN8vfNp7\/QVT1BUS5nER8G25R8usBVoY<br \/>\nBx8fJQ3KLuOffK7XfwaaglkHuKjbEg7R3kY5V9l9lIvcE0+3F+r9n7jnqZFf5pUz<br \/>\nX3hGuiFw3DrMuRJMHkPO83NpvBt3o6O8rOZpw1JEd5xiE0+rcWnO55I74DfUX1NJ<br \/>\n87vDc+oB10GW\/CUXWRL9r20iGs5fPIY6ZcYFWqPCEwVblIdcZYoF1H3IPsSpVzzh<br \/>\nABEBAAHCwPwEGAEIACYWIQT7F++b1qbGVBdAGeNlYPOZFFJgZwUCZfcJXQUJBaOa<br \/>\ngAIbDAAKCRBlYPOZFFJgZ8AbDACBcGls2APwwXDytcgmcOTjixurFo1IPnrpbe7j<br \/>\nsmdYhaTJjOKzzwfASlmxPGCs+b\/+gnGyF43JQsxGjAHQaAjN0UeygJJ33RK4NIJL<br \/>\nKb3kPaN\/dOT5esaZGU9xX\/NWUzOVfX5FnKcA7NPD7bcfCMqdc3miDWAckJghbTgG<br \/>\nCcHYf4DYZAk4BNKaUpA5JcTlGFDBN40t+zMsSFTRYi1DInDwKae6jbmvdeWIRwlq<br \/>\nvqIn5kkqFaC5LSAsLosT8StnETHGoXLnfT3GUnfAc8f68\/hPpgAakbBRBVJG3XAE<br \/>\nQ9g6zql1NpB96gbm5JE9kJJFwKUlUv16lJVWs2JwV3Ak6fuOIRokQkKYFVNSzKam<br \/>\nX821YT2HjadIpZY4t8CaaTD1uKMsg8V19v7NPR13QaAzr+D\/slisDGxQJGjboEdZ<br \/>\nTCAR\/84wLOGHlPwey4sjn+3YYy+owlnSURdeSaXvC7gC5gf\/feIi\/z4Yu9f1l7Qz<br \/>\nP9DePjRIZa57Wg6EpYcm\/7yk9L0=<br \/>\n=ltXI<br \/>\n&#8212;&#8211;END PGP PUBLIC KEY BLOCK&#8212;&#8211;<\/p>\n","protected":false},"excerpt":{"rendered":"<p>Depuis des ann\u00e9es, les luttes LGBTQI+ et f\u00e9ministes s&rsquo;enferment dans des logiques assimilationnistes, m\u00eame au sein des milieux soi-disant radicaux &#8211; en t\u00e9moigne la r\u00e9cup\u00e9ration du terme transp\u00e9d\u00e9gouine (TPG) en dehors des milieux anti-autoritaires et anarchistes. Ces lignes assimilationnistes sont notamment caract\u00e9ris\u00e9es par des rapprochements avec la gauche institutionnelle, ses partis, syndicats et organisations politiques, &#8230; <a title=\"\u2605 contribuer \u2605\" class=\"read-more\" href=\"https:\/\/intimitescriminelles.noblogs.org\/?page_id=99\">Read more<span class=\"screen-reader-text\">\u2605 contribuer \u2605<\/span><\/a><\/p>\n","protected":false},"author":17488,"featured_media":0,"parent":0,"menu_order":0,"comment_status":"closed","ping_status":"closed","template":"","meta":{"footnotes":""},"class_list":["post-99","page","type-page","status-publish"],"_links":{"self":[{"href":"https:\/\/intimitescriminelles.noblogs.org\/index.php?rest_route=\/wp\/v2\/pages\/99","targetHints":{"allow":["GET"]}}],"collection":[{"href":"https:\/\/intimitescriminelles.noblogs.org\/index.php?rest_route=\/wp\/v2\/pages"}],"about":[{"href":"https:\/\/intimitescriminelles.noblogs.org\/index.php?rest_route=\/wp\/v2\/types\/page"}],"author":[{"embeddable":true,"href":"https:\/\/intimitescriminelles.noblogs.org\/index.php?rest_route=\/wp\/v2\/users\/17488"}],"replies":[{"embeddable":true,"href":"https:\/\/intimitescriminelles.noblogs.org\/index.php?rest_route=%2Fwp%2Fv2%2Fcomments&post=99"}],"version-history":[{"count":15,"href":"https:\/\/intimitescriminelles.noblogs.org\/index.php?rest_route=\/wp\/v2\/pages\/99\/revisions"}],"predecessor-version":[{"id":343,"href":"https:\/\/intimitescriminelles.noblogs.org\/index.php?rest_route=\/wp\/v2\/pages\/99\/revisions\/343"}],"wp:attachment":[{"href":"https:\/\/intimitescriminelles.noblogs.org\/index.php?rest_route=%2Fwp%2Fv2%2Fmedia&parent=99"}],"curies":[{"name":"wp","href":"https:\/\/api.w.org\/{rel}","templated":true}]}}