{"id":330,"date":"2024-03-17T15:43:18","date_gmt":"2024-03-17T14:43:18","guid":{"rendered":"https:\/\/intimitescriminelles.noblogs.org\/?page_id=330"},"modified":"2024-04-16T01:59:48","modified_gmt":"2024-04-15T23:59:48","slug":"prisonnieres","status":"publish","type":"page","link":"https:\/\/intimitescriminelles.noblogs.org\/?page_id=330","title":{"rendered":"prisonnierEs"},"content":{"rendered":"<p><em>derni\u00e8re mise \u00e0 jour : 17 mars 2024<\/em><\/p>\n<p><span style=\"text-decoration: underline\">France :<\/span><\/p>\n<p><strong>Kelly<\/strong> est une femme trans incarc\u00e9r\u00e9e \u00e0 Rennes (apr\u00e8s un transfert suite \u00e0 un harc\u00e8lement transphobe de la part de cod\u00e9tenues) et purgeant une longue peine, subissant un isolement de la part des directions p\u00e9nitentiaires tant qu&rsquo;elle n&rsquo;a pas eu de vaginoplastie.<\/p>\n<p>elle cherche des amiti\u00e9s T4T et + si aff, si vous souhaitez lui \u00e9crire ou la visiter, \u00e9crivez \u00e0\u00a0<a href=\"https:\/\/gmail.com\" target=\"_blank\" rel=\"noreferrer noopener\">kindofrudepeach AT gmail.com<\/a><\/p>\n<p>&nbsp;<\/p>\n<p>&nbsp;<\/p>\n<p><span style=\"text-decoration: underline\">UK<\/span> :<\/p>\n<p><strong>Billy Ross<\/strong> A0048AZ,<br \/>\nHMP Eastwood Park, Falfield,<br \/>\nWotton-under-Edge, GL12 8DB, United Kingdom<\/p>\n<p>Billy est un prisonnier trans et queer \u00e0 HMP Eastwood Park, il aime : la fashion, les animaux, les f\u00e9es et le paganisme. Si vous le contacter, pr\u00e9cisez si vous allez \u00e9crire r\u00e9guli\u00e8rement ou non.<\/p>\n<p>&nbsp;<\/p>\n<p><span style=\"text-decoration: underline\">USA :<\/span><\/p>\n<p><strong>Jennifer Amelia Rose<\/strong> #E-23852<br \/>\nSalinas Valley State Prison D3-1250<br \/>\nP. O. Box 1050<br \/>\nSoledad, CA 93960-1050, USA<\/p>\n<p>Jennifer Amelia Rose est une anarchiste transf\u00e9ministe et amazone insurrectionniste, emprisonn\u00e9e depuis plus de 25 ans pour des braquages arm\u00e9s et une attaque en 1995 contre le procureur et l&rsquo;adjoint au directeur d&rsquo;une prison. Elle a pris part aux gr\u00e8ves de la faim de la prison de Folsom en 1991, apr\u00e8s quoi elle fut frapp\u00e9e et tortur\u00e9e, accus\u00e9e de resistance arm\u00e9e, et condamn\u00e9e \u00e0 de multiples peines de 25 ans \u00e0 perp\u00e9tuit\u00e9 sous le coup de la loi des \u00ab\u00a0Three Strikes\u00a0\u00bb. Elle a pass\u00e9 plus de dix ans en isolement \u00e0 Folsom et \u00e0 la Pelican Bay Secure Housing Unit. Jennifer continue de lutter pour la libert\u00e9, reste malgr\u00e9 tout \u00e7a une anti-autoritaire, anti-imp\u00e9rialiste, antiraciste, antifasciste et anticapitaliste engag\u00e9e. <a href=\"https:\/\/betweenthebars.org\/blogs\/490\/jennifer-amelia-rose\">Son blog<\/a>.<\/p>\n<p>&nbsp;<\/p>\n<p><strong>Malik Muhammad<\/strong> #23935744<br \/>\nOregon State Penitentiary<br \/>\n2605 State Street<br \/>\nSalem, OR 97310<\/p>\n<p>\u201cMon nom est Malik Farrad Muhammad. Je suis un musulman noir, palestinien et pansexuel de 26 ans. Je suis un antifaciste, anarchiste et abolitionniste antiraciste (des prisons et de la police) pour mon amour de la libert\u00e9. Ma premi\u00e8re manifestation \u00e9tait au lyc\u00e9e : un walkout qui a suivi le meurtre de Treyvon Martin. Je suis seulement devenu plus actif \u00e0 partir de la campagne \u00ab\u00a0Bernie of Burst\u00a0\u00bb et, \u00e9videmment, le soul\u00e8vement George Floyd. J&rsquo;ai voyag\u00e9 dans le pays et organis\u00e9 et lutt\u00e9, et finalement \u00e9t\u00e9 kidnapp\u00e9, demand\u00e9 une ran\u00e7on et maintenant incarc\u00e9r\u00e9 ici \u00e0 OSP. J&rsquo;ai un fils magnifique, une femme magifique et partenaire de vie, Jesse, qui ont d\u00e9m\u00e9nag\u00e9 ici \u00e0 Portland apr\u00e8s que j&rsquo;ai \u00e9t\u00e9 kidnapp\u00e9 par les f\u00e9d\u00e9raux, et une famille \u00e0 la maison dans le Midwest. Je suis aussi un v\u00e9t\u00e9ran, j&rsquo;\u00e9tais un tanker dans l&rsquo;arm\u00e9e \u2014 et non je ne ne suis pas fier d&rsquo;avoir fait partie de la machine de mort, donc ne me remerciez pas pour mon service. J&rsquo;aime la musique plus que quasitement tout, je suis un guitariste et j&rsquo;apprends le piano, tous les genres.<\/p>\n<p>Pas grand chose d&rsquo;autre \u00e0 dire que j&rsquo;aime la libert\u00e9, l&rsquo;\u00e9quit\u00e9 et l&rsquo;\u00e9galit\u00e9, et je me battrais jusqu&rsquo;\u00e0 mon dernier souffle pour cela. Contrairement \u00e0 celleux qui peuvent regretter quelque chose pour lequel iels ont \u00e9t\u00e9 condamn\u00e9Es, ou qui ont diminu\u00e9 leurs actions par peur des cons\u00e9quences, je ne regrette rien, si ce n&rsquo;est de ne pas avoir fait plus avant d&rsquo;\u00eatre attrap\u00e9. Je vivrai pour le peuple et je mourrai pour le peuple car j&rsquo;aime le peuple, nous qui aimons la libert\u00e9 ne pouvons pas nous reposer avant que la mort ne vienne.\u201d<\/p>\n<p>Plus de textes sur <a href=\"https:\/\/malikspeaks.noblogs.org\/\">le blog de Malik<\/a>.<\/p>\n<p>&nbsp;<\/p>\n<p><strong>Marius Mason<\/strong> #04672-061<br \/>\nFMC Fort Worth<br \/>\nP.O. Box 15330<br \/>\nFort Worth, TX 76119<br \/>\nUSA<\/p>\n<p>Marius est un anarchiste trans, pour la lib\u00e9ration animale et de la terre, qui est incarc\u00e9r\u00e9 depuis maintenant plusieurs ann\u00e9es. En 2009, Marius a \u00e9t\u00e9 condamn\u00e9 \u00e0 22 ans de prison pour, entre autres, des incendies criminels. Plus d&rsquo;informations sont disponibles sur les conditions et conseils pour lui envoyer des lettres sur son <a href=\"https:\/\/supportmariusmason.org\/write-marius\/\">site de soutien<\/a>.<\/p>\n<p>&nbsp;<\/p>\n<p><strong>Michael Kimble <\/strong>#138017<br \/>\nWilliam E. Donaldson Correctional<br \/>\n100 Warrior Lane<br \/>\nBessemer, AL 35023 (USA)<\/p>\n<p>Anarchiste, gay et noir, il a \u00e9t\u00e9 condamn\u00e9 \u00e0 perp\u00e9tuit\u00e9 pour avoir tu\u00e9 un raciste homophobe.<\/p>\n<p>&nbsp;<\/p>\n<p>Ressources : <a href=\"https:\/\/attaque.noblogs.org\/post\/2021\/02\/02\/adresses-des-prisonnier-e-s\/\">attaque<\/a> ; <a href=\"https:\/\/solidarity.international\/index.php\/list-of-prisoners\/\">solidarity.international<\/a> ; <a href=\"https:\/\/uprisingsupport.org\/\">uprising support<\/a> ; <a href=\"http:\/\/prisonersolidarity.com\/\">prisonersolidarity<\/a> ; <a href=\"https:\/\/june11.noblogs.org\/prisoners\/\">june11<\/a> ;<\/p>\n<p><a href=\"https:\/\/prisonercorrespondenceproject.com\/\">prisoner correspondence project<\/a> ; <a href=\"https:\/\/blackandpinkpenpals.org\">black and pink penpals<\/a> ; <a href=\"https:\/\/www.powerblossoms.org\">power blossoms<\/a> ; <a href=\"https:\/\/www.bentbarsproject.org\/\">bent bars project<\/a><\/p>\n","protected":false},"excerpt":{"rendered":"<p>derni\u00e8re mise \u00e0 jour : 17 mars 2024 France : Kelly est une femme trans incarc\u00e9r\u00e9e \u00e0 Rennes (apr\u00e8s un transfert suite \u00e0 un harc\u00e8lement transphobe de la part de cod\u00e9tenues) et purgeant une longue peine, subissant un isolement de la part des directions p\u00e9nitentiaires tant qu&rsquo;elle n&rsquo;a pas eu de vaginoplastie. elle cherche des &#8230; <a title=\"prisonnierEs\" class=\"read-more\" href=\"https:\/\/intimitescriminelles.noblogs.org\/?page_id=330\">Read more<span class=\"screen-reader-text\">prisonnierEs<\/span><\/a><\/p>\n","protected":false},"author":19608,"featured_media":0,"parent":0,"menu_order":5,"comment_status":"closed","ping_status":"closed","template":"","meta":{"footnotes":""},"class_list":["post-330","page","type-page","status-publish"],"_links":{"self":[{"href":"https:\/\/intimitescriminelles.noblogs.org\/index.php?rest_route=\/wp\/v2\/pages\/330","targetHints":{"allow":["GET"]}}],"collection":[{"href":"https:\/\/intimitescriminelles.noblogs.org\/index.php?rest_route=\/wp\/v2\/pages"}],"about":[{"href":"https:\/\/intimitescriminelles.noblogs.org\/index.php?rest_route=\/wp\/v2\/types\/page"}],"author":[{"embeddable":true,"href":"https:\/\/intimitescriminelles.noblogs.org\/index.php?rest_route=\/wp\/v2\/users\/19608"}],"replies":[{"embeddable":true,"href":"https:\/\/intimitescriminelles.noblogs.org\/index.php?rest_route=%2Fwp%2Fv2%2Fcomments&post=330"}],"version-history":[{"count":3,"href":"https:\/\/intimitescriminelles.noblogs.org\/index.php?rest_route=\/wp\/v2\/pages\/330\/revisions"}],"predecessor-version":[{"id":345,"href":"https:\/\/intimitescriminelles.noblogs.org\/index.php?rest_route=\/wp\/v2\/pages\/330\/revisions\/345"}],"wp:attachment":[{"href":"https:\/\/intimitescriminelles.noblogs.org\/index.php?rest_route=%2Fwp%2Fv2%2Fmedia&parent=330"}],"curies":[{"name":"wp","href":"https:\/\/api.w.org\/{rel}","templated":true}]}}